 5*i - 18 = -x - 3, 2*i - 45 = -3*x. What is the remainder when x is divided by (-10 + 14)*(4 - 2)?
7
Let f = 217 - 128. What is the remainder when f is divided by (2/(-3) + 1)*39?
11
Let k(h) = -h**2 - 12*h + 2. What is the remainder when 51 is divided by k(-11)?
12
Let j be 1/((-3)/(-6 + 3)). Suppose 0 = w - 11 - j. Calculate the remainder when 23 is divided by w.
11
Let u be (-32)/(-12)*27/4. Let d = -7 + u. Calculate the remainder when d is divided by 7.
4
Let y = -29 + 21. Let l = y - -14. Calculate the remainder when 31 is divided by (51/l)/((-1)/(-2)).
14
Let h = 6 - -9. Calculate the remainder when h is divided by 9.
6
Suppose 0*j = -4*j + 8. Let r = j + -3. What is the remainder when r/(-1) - -4*4 is divided by 10?
7
Suppose 3*k = 2*h + 41, 0*h = 4*h + 16. What is the remainder when 40 is divided by k?
7
Let z(j) = 2*j**2 + 1. Let a(c) = -c + 10. Let l be a(8). What is the remainder when 17 is divided by z(l)?
8
Let r = 35 - 27. Calculate the remainder when r is divided by 5.
3
Calculate the remainder when 3 - (-8281)/105 - (-4)/30 is divided by 44.
38
Let h = -38 - -44. Let v = 1 + 3. Calculate the remainder when h is divided by v.
2
What is the remainder when (2 - 22)/((-4)/10) is divided by 26?
24
Suppose 3*w = 3*c - 18, -28 = -4*c + 4*w - 2*w. Suppose 0 = 4*l - 5*s - 32 - 60, -3*l - 2*s + 69 = 0. Calculate the remainder when l is divided by c.
7
Suppose -5*p - 31 = -2*w, -w + 4*w = 4*p + 29. Suppose -3*l + 3 + w = 0. What is the remainder when 3 is divided by l?
1
Suppose 0 = -s - 0*s + 3. Suppose -2*i - 5*c + 42 = 0, -5*i - 11 + 78 = s*c. Calculate the remainder when 19 is divided by i.
8
Let i(c) = -c**2 + 6*c + 1. What is the remainder when 37 is divided by i(3)?
7
Let h = -16 - -18. What is the remainder when 7 is divided by h?
1
Let v(y) = y**3 + 4*y**2 - 2*y - 2. Calculate the remainder when v(-3) is divided by 7.
6
Suppose -3*a + 2*z = -22 - 69, 0 = -5*a + 2*z + 153. Calculate the remainder when a is divided by (-369)/(-33) - 10/(-55)*-1.
9
Suppose -2*u = -0*u - 3*t - 59, 133 = 4*u - 3*t. Calculate the remainder when u is divided by 8.
5
Let d(t) be the first derivative of -7*t**4/4 - t**3/3 + 3*t**2/2 + t + 1. Calculate the remainder when d(-2) is divided by 16.
15
Let d(u) be the third derivative of -u**4/4 - u**2. Calculate the remainder when (-2)/7 - (-312)/14 is divided by d(-2).
10
Suppose 192 = 4*w - 4*q, -216 = -5*w - 5*q + 4*q. Calculate the remainder when w is divided by 15.
14
Suppose 0*c + c = 2. Suppose 40 = 6*f - c*f. What is the remainder when 28 is divided by f?
8
Let v = 21 + -14. What is the remainder when 20 is divided by v?
6
Let x(r) = -r**3 + 4*r**2 + 4. Let o be x(4). Suppose o*s + s - 30 = 0. What is the remainder when 35 is divided by 68/s - (-4)/6?
11
Let m = -38 - -142. Calculate the remainder when m is divided by 35.
34
Calculate the remainder when 16 is divided by 1/2*(-28 + 46).
7
Let c(k) = -k**3 + 7*k**2 + 2. What is the remainder when c(7) is divided by 2?
0
Let z be (-2 - 0/(-4)) + 21. Let h = z - -16. Calculate the remainder when h is divided by 12.
11
Let g = 3 + 7. Let w = g + 39. Calculate the remainder when w is divided by 25.
24
Let b(f) = f**3 + 9*f**2 - 7*f - 2. What is the remainder when b(-9) is divided by 22?
17
Let s = 8 + 4. Calculate the remainder when 56 is divided by s.
8
Let z(k) = -k**3 - 15*k**2 - 3*k + 3. What is the remainder when z(-15) is divided by 26?
22
Suppose h + 5*w - 12 = -2*h, -h + 3*w + 4 = 0. Let c(r) = r**3 - 13*r**2 + 15. Let d be c(13). Let f = d + -13. Calculate the remainder when h is divided by f.
0
Let i(y) be the second derivative of y**5/20 - y**4/2 + 7*y**3/6 - y**2 - 2*y. Calculate the remainder when i(5) is divided by 21/4 + (-1)/4.
3
Suppose 0 = -3*r + 53 - 17. Suppose 4*u + 0 = r. Calculate the remainder when 7 is divided by u.
1
Let g(w) = -5*w + 3. Let b(p) = -p**2 - p. Let n(r) = -2*b(r) + g(r). Calculate the remainder when n(5) is divided by 20.
18
Suppose -4*p + 807 = -3*s, 2*s = -3*p - 2*p + 1026. What is the remainder when p is divided by 41?
40
Let m = 152 - 141. What is the remainder when 29 is divided by m?
7
Let c(b) = -b**3 - 6*b**2 + b - 7. Let z be c(-6). Let k be (z/5)/(1/(-5)). Suppose v = 2*v - k. What is the remainder when 24 is divided by v?
11
Suppose 3*d - 14 = 55. What is the remainder when 91 is divided by d?
22
Suppose 5*g - 3*v = 75 + 815, -v + 910 = 5*g. What is the remainder when g is divided by 46?
43
Suppose 5*y - 2*y = 75. Calculate the remainder when y is divided by 4.
1
Suppose 3*t = -5*f - 1, 5*t + 15 = -3*f + 8*f. Calculate the remainder when 15 is divided by 138/18 - t/6.
7
Let n(i) = i**2 - 20. What is the remainder when 38 is divided by n(6)?
6
Let d = 19 - 11. Calculate the remainder when 30 is divided by d.
6
Suppose 0 = 5*t - 5*o - 30, 0 = -2*t - 0*o - 4*o. Suppose k = -5*b + 40, 0 = 2*b + t*k + k + 7. Calculate the remainder when 25 is divided by b.
7
Let k = 31 - 10. What is the remainder when k is divided by 13?
8
Suppose -130 = -5*l + 90. Suppose 0*k = -2*k + 4. Suppose -4*p - 5*v + 45 = 0, 0*p + 36 = k*p - 2*v. What is the remainder when l is divided by p?
14
Let o be 49/14 - 2/4. Suppose o*a - 26 = 31. Calculate the remainder when 54 is divided by a.
16
Let q = -22 - -32. Calculate the remainder when q is divided by 7.
3
Suppose -29 = -4*u + 7. What is the remainder when 26 is divided by u?
8
Let g(f) = f**2 - f. Suppose s + 4*w - 32 = -0*s, 0 = 2*w + 4. Suppose -s = -2*m + 28. Calculate the remainder when m is divided by g(-3).
10
What is the remainder when 2/(-1) + 7 + 2 is divided by 6/2*9/9?
1
Suppose -15*b + 3*y - 1073 = -20*b, 3*b = -3*y + 639. What is the remainder when b is divided by 44?
41
Let t be 1/2 + (-145)/2. Let x be (-232)/t + 2/(-9). Suppose -2*s + 5*k - 18 = 0, -2*k + 15 = x*s + k. What is the remainder when 1 is divided by s?
0
Let i = -62 - -137. What is the remainder when i is divided by 20?
15
Let v = 42 - -8. What is the remainder when v is divided by 3/(-6) + (-27)/(-2)?
11
What is the remainder when 178*(-3)/((-6)/2) is divided by 20?
18
Suppose -4*l + 2*j = 6*j - 164, 0 = 3*l - j - 131. What is the remainder when l is divided by (24 - -1) + -2 - 1?
21
Let x(v) = 14*v - 1. Let u(i) = -i**3 + 5*i**2 + 6*i + 6. Calculate the remainder when u(5) is divided by x(1).
10
Suppose 11*m - 2*m - 216 = 0. Calculate the remainder when m is divided by 13.
11
Let l = 30 - 23. Calculate the remainder when 26 is divided by l.
5
Let l(q) = 3*q**3 - 2*q**2 + 2*q - 1. Let h be l(1). Let c = h + 6. Suppose -44 = -2*b - 0. What is the remainder when b is divided by c?
6
Suppose -6*o = -10*o + 40. Let n(i) = 38*i**3 + i. Calculate the remainder when n(1) is divided by o.
9
Suppose -4*t = -3 + 7. Let k(p) = 16*p**2 - 2*p - 1. Suppose 3*s = 64 + 35. What is the remainder when s is divided by k(t)?
16
Suppose 0 = 2*d - 4*p + 20, 3*d + 51 = -4*p + 3*p. What is the remainder when 10/(-4)*d/20 is divided by 2?
0
Suppose 6*f - 3*p = 3*f - 18, 4*f - 3*p + 23 = 0. Let a(b) = b**2 + b. What is the remainder when a(f) is divided by 7?
6
What is the remainder when 85 is divided by (-2 + (-4)/(-3))/((-5)/180)?
13
Suppose 18 = 4*r - r. What is the remainder when 39 is divided by r?
3
Suppose -4*d - 5*a - 4 = 0, 3*a + 8 = -d - 0*d. Calculate the remainder when 9 is divided by d.
1
Calculate the remainder when 44 is divided by 72/7 - 8/28.
4
What is the remainder when -1 + (-146)/(-8) - 6/24 is divided by 6?
5
Let q be ((-6)/(-12))/((-1)/6). Let m be -1*(1 + -1)/q. Suppose 10 = j - m. Calculate the remainder when 19 is divided by j.
9
Suppose x + s = -4*s + 15, 2*x + s = 21. What is the remainder when 16 is divided by x?
6
Let r(c) = -3*c. Let u(s) = s**2 - 4*s + 5. What is the remainder when r(-3) is divided by u(4)?
4
Let u(x) = -x**3 + 12*x**2 - 11*x + 5. Calculate the remainder when 11 is divided by u(11).
1
Let w = -71 - -61. Let k = -3 + 2. What is the remainder when 38 is divided by 1 - w - 2/k?
12
Let i be (-210)/(-8) - (-2)/(-8). Suppose -g + 4*g = d + i, -3*d - 1 = 2*g. Let f = 17 - g. What is the remainder when f is divided by 6?
4
Let v = -35 + 82. Calculate the remainder when 137 is divided by v.
43
Let j = 2 + 1. Let o(h) = -3*h**j + 3*h**2 - 2*h**2 + h + 2*h**3 + 16. Calculate the remainder 